32?
False
Is 5660547 a multiple of 3?
True
Is 27095588 a multiple of 2132?
True
Does 7 divide 2150967?
True
Is 60597732 a multiple of 276?
True
Is 423359811 a multiple of 3051?
True
Is 32310810 a multiple of 18?
True
Is 22185272 a multiple of 136?
True
Is 399 a factor of 685096167?
True
Is 1215180450 a multiple of 150?
True
Is 376744875 a multiple of 1635?
True
Does 418 divide 71260640?
True
Does 735 divide 17390100?
True
Is 218552831 a multiple of 2863?
True
Does 3075 divide 2221175984?
False
Does 863 divide 295525562?
False
Is 7 a factor of 100661568?
True
Is 10 a factor of 18573650?
True
Is 552566 a multiple of 203?
True
Is 12 a factor of 836877900?
True
Is 3371104 a multiple of 44?
True
Is 245 a factor of 1442733169?
False
Does 83 divide 25595628?
False
Is 5808568 a multiple of 8?
True
Does 721 divide 2727145?
False
Is 600313047 a multiple of 12?
False
Is 121696525 a multiple of 670?
False
Is 87 a factor of 865561173?
True
Is 40287000 a multiple of 65?
True
Is 1251 a factor of 63512019?
True
Is 93663458 a multiple of 12?
False
Is 126 a factor of 17867556?
True
Does 425 divide 446533438?
False
Does 3703 divide 888216392?
True
Is 187327107 a multiple of 9?
True
Is 2 a factor of 234096849?
False
Is 923 a factor of 338667160?
True
Does 879 divide 19850457?
True
Does 129 divide 11152437?
True
Is 437949373 a multiple of 2694?
False
Does 62 divide 1206210?
True
Is 64271293 a multiple of 289?
False
Does 5010 divide 311606970?
True
Does 3205 divide 477923190?
True
Is 5381954 a multiple of 2793?
False
Is 1224 a factor of 12429720?
True
Does 9 divide 5958983?
False
Is 579 a factor of 8092995?
False
Does 1013 divide 669598615?
False
Is 2747757124 a multiple of 29?
False
Is 106 a factor of 122560192?
False
Is 59570448 a multiple of 3?
True
Does 153 divide 8123353?
False
Does 11 divide 12487413?
False
Is 417542 a multiple of 23?
True
Is 12 a factor of 21540660?
True
Is 1025 a factor of 1027490404?
False
Is 103488132 a multiple of 89?
True
Is 1275904 a multiple of 448?
True
Does 25 divide 80324575?
True
Does 479 divide 105437701?
False
Is 525 a factor of 190450455?
False
Is 4634 a factor of 2661973496?
True
Is 221299066 a multiple of 4832?
False
Is 60885814 a multiple of 2730?
False
Does 1122 divide 435424964?
False
Is 4519679 a multiple of 29?
True
Is 112 a factor of 1600425?
False
Is 4 a factor of 1978385568?
True
Does 6 divide 442888747?
False
Is 33297426 a multiple of 741?
False
Is 24 a factor of 1084862?
False
Is 21 a factor of 5733105?
True
Is 31822165 a multiple of 500?
False
Is 19 a factor of 97713447?
True
Does 867 divide 173782347?
True
Is 622 a factor of 85622936?
False
Does 152 divide 77510424?
True
Is 130 a factor of 5685550?
True
Is 880251972 a multiple of 13?
False
Is 236 a factor of 159887769?
False
Is 22 a factor of 111189941?
False
Is 5531103 a multiple of 29?
False
Does 2433 divide 5365737982?
False
Does 11 divide 130454346?
True
Is 969349571 a multiple of 2592?
False
Is 1240 a factor of 92926728?
False
Is 25 a factor of 887743159?
False
Is 204 a factor of 140080010?
False
Is 3978 a factor of 284571764?
False
Is 21 a factor of 672631256?
False
Is 862509704 a multiple of 5477?
False
Is 7520723 a multiple of 22?
False
Is 12 a factor of 9944446?
False
Is 3742328 even?
True
Does 27 divide 49284726?
False
Is 4694720 a multiple of 5?
True
Is 4017 a factor of 207401727?
True
Is 1119 a factor of 1657179145?
False
Is 13 a factor of 31920089?
False
Does 89 divide 978717781?
True
Is 135 a factor of 135969165?
True
Is 536449882 a multiple of 355?
False
Is 860727416 a multiple of 144?
False
Is 14 a factor of 151643485?
False
Is 44128306 a multiple of 59?
False
Is 7837921 a multiple of 28?
False
Does 68 divide 4058921288?
False
Is 36238917 a multiple of 106?
False
Does 63 divide 1616292909?
True
Is 1422 a factor of 432975156?
False
Is 2303 a factor of 75879244?
True
Is 110217650 a multiple of 1797?
False
Does 2489 divide 200695537?
True
Is 201526644 a multiple of 3772?
True
Is 1155276012 a multiple of 3240?
False
Is 1560 a factor of 3808488419?
False
Is 50528942 a multiple of 744?
False
Is 19 a factor of 4532373?
False
Does 2097 divide 47786897?
False
Is 9 a factor of 613623461?
False
Is 13364300 a multiple of 100?
True
Is 8889486 a multiple of 3?
True
Is 37708822 a multiple of 46?
True
Is 737 a factor of 34191648?
False
Does 14 divide 2046272578?
True
Is 195348 a multiple of 73?
True
Is 18 a factor of 53135617?
False
Does 16 divide 144756864?
True
Does 34 divide 3323517?
False
Is 1898049030 a multiple of 329?
False
Is 73204977 a multiple of 555?
False
Is 264 a factor of 346260816?
True
Is 642968260 a multiple of 1050?
False
Is 1730 a factor of 85702306?
False
Is 702 a factor of 22002786?
True
Is 807523771 a multiple of 138?
False
Is 389045373 a multiple of 61?
True
Is 33 a factor of 3849252?
True
Does 75 divide 8514750?
True
Does 4 divide 14627031?
False
Is 2966776856 a multiple of 22?
False
Is 5 a factor of 574315106?
False
Is 68734249 a multiple of 47?
False
Is 10 a factor of 37835406?
False
Is 13391586 a multiple of 1612?
False
Does 129 divide 14388480?
False
Does 5 divide 3746445?
True
Does 3594 divide 112752247?
False
Does 556 divide 5546479822?
False
Is 470104022 a multiple of 1966?
True
Does 12 divide 517652988?
True
Is 160776462 a multiple of 231?
True
Is 361875833 a multiple of 113?
True
Is 4173088 a multiple of 20?
False
Is 424 a factor of 1100704?
True
Is 84 a factor of 2260695?
False
Is 167 a factor of 97477399?
True
Is 69 a factor of 629972415?
True
Is 190116153 a multiple of 11?
False
Is 1075576546 a multiple of 67?
False
Is 8281525 a multiple of 117?
False
Is 491 a factor of 389632559?
True
Is 3435 a factor of 44452335?
True
Is 1544 a factor of 464957651?
False
Is 482211600 a multiple of 208?
True
Is 141585265 a multiple of 17?
True
Does 7 divide 25445716?
False
Does 33 divide 2142883083?
True
Does 86 divide 5751728?
False
Is 317445863 a multiple of 931?
True
Is 68 a factor of 2644515?
False
Does 31 divide 72845753?
True
Does 13 divide 1960674?
False
Does 931 divide 112394108?
False
Does 68 divide 107022684?
True
Does 382 divide 115545832?
True
Is 159595431 a multiple of 3?
True
Is 1660 a factor of 144581020?
True
Is 16662943 a multiple of 61?
True
Is 1503 a factor of 1974152925?
True
Does 216 divide 767688723?
False
Is 401041 a multiple of 1054?
False
Is 3252001640 a multiple of 262?
True
Is 39998556 a multiple of 27?
True
Does 36 divide 39693159?
False
Is 563267604 a multiple of 12?
True
Is 21 a factor of 7459263?
True
Is 14 a factor of 27263796?
True
Does 6 divide 1166694?
True
Does 2933 divide 509133358?
False
Is 12 a factor of 25032756?
True
Does 11 divide 27607315?
False
Is 30 a factor of 8891941?
False
Is 8768320 a multiple of 2120?
True
Does 24 divide 7439941?
False
Does 99 divide 171467703?
True
Is 54 a factor of 176408226?
True
Does 3287 divide 1218609232?
True
Is 65444436 a multiple of 27?
True
Is 38 a factor of 13009381?
False
Does 151 divide 2514302885?
False
Does 21 divide 1376258?
False
Does 1031 divide 9453360?
False
Is 56 a factor of 4404512?
True
Is 57 a factor of 118652340?
True
Is 101464891 a multiple of 17?
True
Does 815 divide 152396850?
True
Is 545 a factor of 216017184?
False
Is 674015874 a multiple of 483?
True
Is 909494532 a multiple of 103?
True
Does 1521 divide 547731873?
True
Is 49206550 a multiple of 830?
True
Does 10 divide 1037994300?
True
Is 656154485 a multiple of 29?
False
Does 7 divide 779450401?
False
Is 31 a factor of 99543263?
True
Is 22 a factor of 550660?
True
Does 162 divide 2044027548?
True
Does 208 divide 670484628?
False
Is 257963745 a multiple of 11707?
True
Does 2 divide 4377465?
False
Is 1171586932 a multiple of 14?
False
Does 6 divide 20514344?
False
Is 183165678 a multiple of 77?
False
Is 965065308 a multiple of 173?
False
Does 38 divide 26856234?
True
Is 42926983 a multiple of 151?
False
Does 21 divide 59755203?
False
Does 17 divide 45703150?
False
Is 2418 a factor of 111394842?
True
Is 293 a factor of 36133305?
False
Is 3601 a factor of 344570200?
False
Is 53808607 a multiple of 241?
False
Is 1557 a factor of 8625948?
False
Is 43780506 a multiple of 982?
True
Does 1183 divide 150456306?
True
Is 25874940 a multiple of 588?
True
Is 1180 a factor of 444639340?
True
Does 24 divide 